{"id":531,"date":"2015-10-28T09:40:27","date_gmt":"2015-10-28T07:40:27","guid":{"rendered":"http:\/\/www.maxdorfer-geschichte.de\/?page_id=531"},"modified":"2026-01-30T09:53:11","modified_gmt":"2026-01-30T07:53:11","slug":"mitglied-werden","status":"publish","type":"page","link":"https:\/\/www.maxdorfer-geschichte.de\/?page_id=531","title":{"rendered":"Mitglied werden"},"content":{"rendered":"<p>Sie wollen Mitglied des Verein f\u00fcr Geschichte und Kultur Maxdorf 2010 e.V. werden?<\/p>\n<p>Bitte f\u00fcllen sie diese <a title=\"Beitrittserkl\u00e4rung\" href=\"http:\/\/www.maxdorfer-geschichte.de\/images\/beitrittserklaerung.pdf\" target=\"_blank\" rel=\"noopener\">Beitrittserkl\u00e4rung<\/a> aus.<\/p>\n","protected":false},"excerpt":{"rendered":"<p>Sie wollen Mitglied des Verein f\u00fcr Geschichte und Kultur Maxdorf 2010 e.V. werden? Bitte f\u00fcllen sie diese Beitrittserkl\u00e4rung aus.<\/p>\n","protected":false},"author":3,"featured_media":0,"parent":0,"menu_order":11,"comment_status":"closed","ping_status":"open","template":"","meta":{"advgb_blocks_editor_width":"","advgb_blocks_columns_visual_guide":"","footnotes":""},"class_list":["post-531","page","type-page","status-publish","hentry","nodate","item-wrap"],"coauthors":[],"author_meta":{"author_link":"https:\/\/www.maxdorfer-geschichte.de\/?author=3","display_name":"Bernd Lupberger"},"relative_dates":{"created":"Posted 10\u00a0Jahren ago","modified":"Updated 3\u00a0Monaten ago"},"absolute_dates":{"created":"Posted on 28. Oktober 2015","modified":"Updated on 30. Januar 2026"},"absolute_dates_time":{"created":"Posted on 28. Oktober 2015 09:40","modified":"Updated on 30. Januar 2026 09:53"},"featured_img_caption":"","featured_img":false,"series_order":"","_links":{"self":[{"href":"https:\/\/www.maxdorfer-geschichte.de\/index.php?rest_route=\/wp\/v2\/pages\/531","targetHints":{"allow":["GET"]}}],"collection":[{"href":"https:\/\/www.maxdorfer-geschichte.de\/index.php?rest_route=\/wp\/v2\/pages"}],"about":[{"href":"https:\/\/www.maxdorfer-geschichte.de\/index.php?rest_route=\/wp\/v2\/types\/page"}],"author":[{"embeddable":true,"href":"https:\/\/www.maxdorfer-geschichte.de\/index.php?rest_route=\/wp\/v2\/users\/3"}],"replies":[{"embeddable":true,"href":"https:\/\/www.maxdorfer-geschichte.de\/index.php?rest_route=%2Fwp%2Fv2%2Fcomments&post=531"}],"version-history":[{"count":4,"href":"https:\/\/www.maxdorfer-geschichte.de\/index.php?rest_route=\/wp\/v2\/pages\/531\/revisions"}],"predecessor-version":[{"id":715,"href":"https:\/\/www.maxdorfer-geschichte.de\/index.php?rest_route=\/wp\/v2\/pages\/531\/revisions\/715"}],"wp:attachment":[{"href":"https:\/\/www.maxdorfer-geschichte.de\/index.php?rest_route=%2Fwp%2Fv2%2Fmedia&parent=531"}],"curies":[{"name":"wp","href":"https:\/\/api.w.org\/{rel}","templated":true}]}}