{"id":397,"date":"2014-09-22T02:27:25","date_gmt":"2014-09-22T00:27:25","guid":{"rendered":"http:\/\/www.maxdorfer-geschichte.de\/?page_id=397"},"modified":"2023-12-20T16:54:51","modified_gmt":"2023-12-20T14:54:51","slug":"test","status":"publish","type":"page","link":"https:\/\/www.maxdorfer-geschichte.de\/?page_id=397","title":{"rendered":"Ortspl\u00e4ne"},"content":{"rendered":"\n<p><\/p>\n\n\n\n<h2 class=\"wp-block-heading\">Historische Geb\u00e4ude und Pl\u00e4tze<\/h2>\n\n\n\n<p>Der Verein f\u00fcr Geschichte und Kultur 2010 e.V. hat historische Geb\u00e4ude und Pl\u00e4tze im Maxdorfer Ortsgebiet mit einer Gedenktafel ausgestattet. Die Standorte sind durch Pfeile auf der Karte unten markiert. Durch Anklicken des kleinen Vorschaubildes erscheint die zugeh\u00f6rige Tafel.<strong>\u00a0<\/strong><\/p>\n\n\n<style type=\"text\/css\" id=\"umsMapStyles_1_21498\">\r\n    #ultimate_maps_1_21498 {\r\n        width: 100%;\r\n        height: 600px;\r\n                border: 0px solid ;\r\n        margin: 0px;\r\n    }\r\n    #mapsControlsNum_1_21498 {\r\n        width:100%    }\r\n    .umsMapDetailsContainer#umsMapDetailsContainer_1_21498 {\r\n        height:600px;\r\n    }\r\n    .ums_MapPreview#ultimate_maps_1_21498 {\r\n        \/*position:absolute;*\/\r\n        width:100%;\r\n    }\r\n    #mapConElem_1_21498{\r\n        width:100%    }\r\n    <\/style><div class=\"ums_map_opts\" id=\"mapConElem_1_21498\" data-id=\"1\" data-view-id=\"1_21498\" > <div class=\"umsMapDetailsContainer\" id=\"umsMapDetailsContainer_1_21498\"> <i class=\"umsKMLLayersPreloader fa fa-spinner fa-spin\" aria-hidden=\"true\" style=\"display: none;\"><\/i> <div class=\"ums_MapPreview \" id=\"ultimate_maps_1_21498\"><\/div> <\/div> <div class=\"umsMapMarkerFilters\" id=\"umsMapMarkerFilters_1_21498\"> <\/div> <div class=\"umsMapProControlsCon\" id=\"umsMapProControlsCon_1_21498\"> <a title=\"WordPress Google Maps\" style=\"display:none;\" href=\"https:\/\/supsystic.com\/plugins\/google-maps-plugin\/?utm_medium=love_link_hide\" target=\"_blank\">WordPress Google Maps<\/a><div style=\"clear: both;\"><\/div> <\/div> <div class=\"umsMapProDirectionsCon\" id=\"umsMapProDirectionsCon_1_21498\" > <\/div> <div class=\"umsMapProKmlFilterCon\" id=\"umsMapProKmlFilterCon_1_21498\" > <\/div> <div class=\"umsSocialSharingShell umsSocialSharingShell_1_21498\"> <\/div> <div style=\"clear: both;\"><\/div> <\/div>\n\n\n\n<h2 class=\"wp-block-heading\">Kunstwerke<\/h2>\n\n\n\n<p>In Maxdorf gibt es zahlreiche Kunstwerke. In dieser Karte finden Sie die Standarte der Kunstwerke und Angaben zu den jeweiligen K\u00fcnstlern. Die Standorte sind durch Pfeile auf der Karte unten markiert. Durch Anklicken des kleinen Vorschaubildes erscheint das zugeh\u00f6rige Foto.<\/p>\n\n\n<style type=\"text\/css\" id=\"umsMapStyles_2_79433\">\r\n    #ultimate_maps_2_79433 {\r\n        width: 100%;\r\n        height: 600px;\r\n                border: 0px solid ;\r\n        margin: 0px;\r\n    }\r\n    #mapsControlsNum_2_79433 {\r\n        width:100%    }\r\n    .umsMapDetailsContainer#umsMapDetailsContainer_2_79433 {\r\n        height:600px;\r\n    }\r\n    .ums_MapPreview#ultimate_maps_2_79433 {\r\n        \/*position:absolute;*\/\r\n        width:100%;\r\n    }\r\n    #mapConElem_2_79433{\r\n        width:100%    }\r\n    <\/style><div class=\"ums_map_opts\" id=\"mapConElem_2_79433\" data-id=\"2\" data-view-id=\"2_79433\" > <div class=\"umsMapDetailsContainer\" id=\"umsMapDetailsContainer_2_79433\"> <i class=\"umsKMLLayersPreloader fa fa-spinner fa-spin\" aria-hidden=\"true\" style=\"display: none;\"><\/i> <div class=\"ums_MapPreview \" id=\"ultimate_maps_2_79433\"><\/div> <\/div> <div class=\"umsMapMarkerFilters\" id=\"umsMapMarkerFilters_2_79433\"> <\/div> <div class=\"umsMapProControlsCon\" id=\"umsMapProControlsCon_2_79433\"> <a title=\"WordPress Google Maps\" style=\"display:none;\" href=\"https:\/\/supsystic.com\/plugins\/google-maps-plugin\/?utm_medium=love_link_hide\" target=\"_blank\">WordPress Google Maps<\/a><div style=\"clear: both;\"><\/div> <\/div> <div class=\"umsMapProDirectionsCon\" id=\"umsMapProDirectionsCon_2_79433\" > <\/div> <div class=\"umsMapProKmlFilterCon\" id=\"umsMapProKmlFilterCon_2_79433\" > <\/div> <div class=\"umsSocialSharingShell umsSocialSharingShell_2_79433\"> <\/div> <div style=\"clear: both;\"><\/div> <\/div>\n","protected":false},"excerpt":{"rendered":"<p>Historische Geb\u00e4ude und Pl\u00e4tze Der Verein f\u00fcr Geschichte und Kultur 2010 e.V. hat historische Geb\u00e4ude und Pl\u00e4tze im Maxdorfer Ortsgebiet mit einer Gedenktafel ausgestattet. Die Standorte sind durch Pfeile auf der Karte unten markiert. Durch Anklicken des kleinen Vorschaubildes erscheint die zugeh\u00f6rige Tafel.\u00a0 Kunstwerke In Maxdorf gibt es zahlreiche Kunstwerke. In dieser Karte finden Sie &hellip; <\/p>\n<p><a class=\"more-link btn\" href=\"https:\/\/www.maxdorfer-geschichte.de\/?page_id=397\">Weiterlesen<\/a><\/p>\n","protected":false},"author":4,"featured_media":0,"parent":0,"menu_order":2,"comment_status":"open","ping_status":"closed","template":"","meta":{"advgb_blocks_editor_width":"","advgb_blocks_columns_visual_guide":"","footnotes":""},"class_list":["post-397","page","type-page","status-publish","hentry","nodate","item-wrap"],"coauthors":[],"author_meta":{"author_link":"https:\/\/www.maxdorfer-geschichte.de\/?author=4","display_name":"admin"},"relative_dates":{"created":"Ver\u00f6ffentlicht 12\u00a0Jahren vor","modified":"Aktualisiert 2\u00a0Jahren vor"},"absolute_dates":{"created":"Ver\u00f6ffentlicht am 22. September 2014","modified":"Aktualisiert am 20. Dezember 2023"},"absolute_dates_time":{"created":"Ver\u00f6ffentlicht am 22. September 2014 02:27","modified":"Aktualisiert am 20. Dezember 2023 16:54"},"featured_img_caption":"","featured_img":false,"series_order":"","_links":{"self":[{"href":"https:\/\/www.maxdorfer-geschichte.de\/index.php?rest_route=\/wp\/v2\/pages\/397","targetHints":{"allow":["GET"]}}],"collection":[{"href":"https:\/\/www.maxdorfer-geschichte.de\/index.php?rest_route=\/wp\/v2\/pages"}],"about":[{"href":"https:\/\/www.maxdorfer-geschichte.de\/index.php?rest_route=\/wp\/v2\/types\/page"}],"author":[{"embeddable":true,"href":"https:\/\/www.maxdorfer-geschichte.de\/index.php?rest_route=\/wp\/v2\/users\/4"}],"replies":[{"embeddable":true,"href":"https:\/\/www.maxdorfer-geschichte.de\/index.php?rest_route=%2Fwp%2Fv2%2Fcomments&post=397"}],"version-history":[{"count":25,"href":"https:\/\/www.maxdorfer-geschichte.de\/index.php?rest_route=\/wp\/v2\/pages\/397\/revisions"}],"predecessor-version":[{"id":1488,"href":"https:\/\/www.maxdorfer-geschichte.de\/index.php?rest_route=\/wp\/v2\/pages\/397\/revisions\/1488"}],"wp:attachment":[{"href":"https:\/\/www.maxdorfer-geschichte.de\/index.php?rest_route=%2Fwp%2Fv2%2Fmedia&parent=397"}],"curies":[{"name":"wp","href":"https:\/\/api.w.org\/{rel}","templated":true}]}}